{"id":23,"date":"2024-12-10T12:27:48","date_gmt":"2024-12-10T12:27:48","guid":{"rendered":"https:\/\/krmainbiodiverziteta.holstein.si\/?page_id=23"},"modified":"2025-01-13T07:28:05","modified_gmt":"2025-01-13T07:28:05","slug":"cilji","status":"publish","type":"page","link":"https:\/\/krmainbiodiverziteta.holstein.si\/index.php\/cilji\/","title":{"rendered":"CILJI"},"content":{"rendered":"\n<p><strong>Splo\u0161ni cilji projekta so: <\/strong><\/p>\n\n\n\n<ul class=\"wp-block-list\">\n<li>Zagotoviti pospe\u0161eno uvajanje okolju in \u017eivalim prijaznih sistemov upravljanja govedorejske kmetije, ki zagotavljajo trajnostno rabo kmetijskih zemlji\u0161\u010d in drugih resursov za namen prireje kakovostnega mleka in mesa in ki so prilagojeni na slovenske posebnosti iz gospodarskega in okoljskega vidika ter iz vidika posebnosti na\u0161e krajine. <\/li>\n\n\n\n<li> Uvajanje dobrih praks upravljanja govedorejske kmetije s posebnim poudarkom na optimizaciji krmnih obrokov, na\u010dinov pokladanja krme v povezavi s sistemi namestitve \u017eivali (prosta reja na re\u0161etkah ali polnih tleh vs kompostni hlevi in hlevi z umetnimi tlemi (propustna tla za hitro odstranjevanje urina), ki dokazano ugodno vplivajo na dobro po\u010dutje in zdravje \u017eivali, zmanj\u0161ujejo negativne vplive klimatskih sprememb ter izbolj\u0161ujejo kakovost in strukturo tal, kar omogo\u010da pridelavo bolj kakovostne krme za \u017eivali in izbolj\u0161anje biodiverzitete travne ru\u0161e prilagojene na podnebne spremembe.<\/li>\n\n\n\n<li> Iskanje re\u0161itev za u\u010dinkovitej\u0161e gospodarjenje s travinjem in pove\u010danje biotske raznovrstnosti preko ustreznih na\u010dinov gnojenja z razli\u010dnimi organskimi gnojili, rabe tal, izbolj\u0161evanja travne ru\u0161e z ustreznim managementom, ki bo bla\u017eil negativne u\u010dinke podnebnih sprememb, managementa ko\u0161nje in pa\u0161e, izbolj\u0161anja biodiverzitete na nivoju kmetije (tudi s poznavanjem indeksa biodiverzitete).<\/li>\n\n\n\n<li> Ugotoviti stali\u0161\u010da rejcev ter drugih dele\u017enikov glede biodiverzitete in ekosistemskih storitev na govedorejskih kmetijah.<\/li>\n<\/ul>\n","protected":false},"excerpt":{"rendered":"<p>Splo\u0161ni cilji projekta so:<\/p>\n","protected":false},"author":1,"featured_media":0,"parent":0,"menu_order":0,"comment_status":"closed","ping_status":"closed","template":"","meta":{"_uag_custom_page_level_css":"","footnotes":""},"class_list":["post-23","page","type-page","status-publish","hentry"],"yoast_head":"<!-- This site is optimized with the Yoast SEO plugin v24.0 - https:\/\/yoast.com\/wordpress\/plugins\/seo\/ -->\n<title>CILJI - KRMNI OBROKI IN BIODIVERZITETA V RAZMERAH PODNEBNIH SPREMEMB<\/title>\n<meta name=\"robots\" content=\"index, follow, max-snippet:-1, max-image-preview:large, max-video-preview:-1\" \/>\n<link rel=\"canonical\" href=\"https:\/\/krmainbiodiverziteta.holstein.si\/index.php\/cilji\/\" \/>\n<meta property=\"og:locale\" content=\"en_US\" \/>\n<meta property=\"og:type\" content=\"article\" \/>\n<meta property=\"og:title\" content=\"CILJI - KRMNI OBROKI IN BIODIVERZITETA V RAZMERAH PODNEBNIH SPREMEMB\" \/>\n<meta property=\"og:description\" content=\"Splo\u0161ni cilji projekta so:\" \/>\n<meta property=\"og:url\" content=\"https:\/\/krmainbiodiverziteta.holstein.si\/index.php\/cilji\/\" \/>\n<meta property=\"og:site_name\" content=\"KRMNI OBROKI IN BIODIVERZITETA V RAZMERAH PODNEBNIH SPREMEMB\" \/>\n<meta property=\"article:modified_time\" content=\"2025-01-13T07:28:05+00:00\" \/>\n<meta name=\"twitter:card\" content=\"summary_large_image\" \/>\n<meta name=\"twitter:label1\" content=\"Est. reading time\" \/>\n\t<meta name=\"twitter:data1\" content=\"1 minute\" \/>\n<script type=\"application\/ld+json\" class=\"yoast-schema-graph\">{\"@context\":\"https:\/\/schema.org\",\"@graph\":[{\"@type\":\"WebPage\",\"@id\":\"https:\/\/krmainbiodiverziteta.holstein.si\/index.php\/cilji\/\",\"url\":\"https:\/\/krmainbiodiverziteta.holstein.si\/index.php\/cilji\/\",\"name\":\"CILJI - KRMNI OBROKI IN BIODIVERZITETA V RAZMERAH PODNEBNIH SPREMEMB\",\"isPartOf\":{\"@id\":\"https:\/\/krmainbiodiverziteta.holstein.si\/#website\"},\"datePublished\":\"2024-12-10T12:27:48+00:00\",\"dateModified\":\"2025-01-13T07:28:05+00:00\",\"breadcrumb\":{\"@id\":\"https:\/\/krmainbiodiverziteta.holstein.si\/index.php\/cilji\/#breadcrumb\"},\"inLanguage\":\"en-US\",\"potentialAction\":[{\"@type\":\"ReadAction\",\"target\":[\"https:\/\/krmainbiodiverziteta.holstein.si\/index.php\/cilji\/\"]}]},{\"@type\":\"BreadcrumbList\",\"@id\":\"https:\/\/krmainbiodiverziteta.holstein.si\/index.php\/cilji\/#breadcrumb\",\"itemListElement\":[{\"@type\":\"ListItem\",\"position\":1,\"name\":\"Home\",\"item\":\"https:\/\/krmainbiodiverziteta.holstein.si\/\"},{\"@type\":\"ListItem\",\"position\":2,\"name\":\"CILJI\"}]},{\"@type\":\"WebSite\",\"@id\":\"https:\/\/krmainbiodiverziteta.holstein.si\/#website\",\"url\":\"https:\/\/krmainbiodiverziteta.holstein.si\/\",\"name\":\"KRMNI OBROKI IN BIODIVERZITETA V RAZMERAH PODNEBNIH SPREMEMB\",\"description\":\"\",\"potentialAction\":[{\"@type\":\"SearchAction\",\"target\":{\"@type\":\"EntryPoint\",\"urlTemplate\":\"https:\/\/krmainbiodiverziteta.holstein.si\/?s={search_term_string}\"},\"query-input\":{\"@type\":\"PropertyValueSpecification\",\"valueRequired\":true,\"valueName\":\"search_term_string\"}}],\"inLanguage\":\"en-US\"}]}<\/script>\n<!-- \/ Yoast SEO plugin. -->","yoast_head_json":{"title":"CILJI - KRMNI OBROKI IN BIODIVERZITETA V RAZMERAH PODNEBNIH SPREMEMB","robots":{"index":"index","follow":"follow","max-snippet":"max-snippet:-1","max-image-preview":"max-image-preview:large","max-video-preview":"max-video-preview:-1"},"canonical":"https:\/\/krmainbiodiverziteta.holstein.si\/index.php\/cilji\/","og_locale":"en_US","og_type":"article","og_title":"CILJI - KRMNI OBROKI IN BIODIVERZITETA V RAZMERAH PODNEBNIH SPREMEMB","og_description":"Splo\u0161ni cilji projekta so:","og_url":"https:\/\/krmainbiodiverziteta.holstein.si\/index.php\/cilji\/","og_site_name":"KRMNI OBROKI IN BIODIVERZITETA V RAZMERAH PODNEBNIH SPREMEMB","article_modified_time":"2025-01-13T07:28:05+00:00","twitter_card":"summary_large_image","twitter_misc":{"Est. reading time":"1 minute"},"schema":{"@context":"https:\/\/schema.org","@graph":[{"@type":"WebPage","@id":"https:\/\/krmainbiodiverziteta.holstein.si\/index.php\/cilji\/","url":"https:\/\/krmainbiodiverziteta.holstein.si\/index.php\/cilji\/","name":"CILJI - KRMNI OBROKI IN BIODIVERZITETA V RAZMERAH PODNEBNIH SPREMEMB","isPartOf":{"@id":"https:\/\/krmainbiodiverziteta.holstein.si\/#website"},"datePublished":"2024-12-10T12:27:48+00:00","dateModified":"2025-01-13T07:28:05+00:00","breadcrumb":{"@id":"https:\/\/krmainbiodiverziteta.holstein.si\/index.php\/cilji\/#breadcrumb"},"inLanguage":"en-US","potentialAction":[{"@type":"ReadAction","target":["https:\/\/krmainbiodiverziteta.holstein.si\/index.php\/cilji\/"]}]},{"@type":"BreadcrumbList","@id":"https:\/\/krmainbiodiverziteta.holstein.si\/index.php\/cilji\/#breadcrumb","itemListElement":[{"@type":"ListItem","position":1,"name":"Home","item":"https:\/\/krmainbiodiverziteta.holstein.si\/"},{"@type":"ListItem","position":2,"name":"CILJI"}]},{"@type":"WebSite","@id":"https:\/\/krmainbiodiverziteta.holstein.si\/#website","url":"https:\/\/krmainbiodiverziteta.holstein.si\/","name":"KRMNI OBROKI IN BIODIVERZITETA V RAZMERAH PODNEBNIH SPREMEMB","description":"","potentialAction":[{"@type":"SearchAction","target":{"@type":"EntryPoint","urlTemplate":"https:\/\/krmainbiodiverziteta.holstein.si\/?s={search_term_string}"},"query-input":{"@type":"PropertyValueSpecification","valueRequired":true,"valueName":"search_term_string"}}],"inLanguage":"en-US"}]}},"uagb_featured_image_src":{"full":false,"thumbnail":false,"medium":false,"medium_large":false,"large":false,"1536x1536":false,"2048x2048":false},"uagb_author_info":{"display_name":"admin","author_link":"https:\/\/krmainbiodiverziteta.holstein.si\/index.php\/author\/admin_krma\/"},"uagb_comment_info":0,"uagb_excerpt":"Splo\u0161ni cilji projekta so:","_links":{"self":[{"href":"https:\/\/krmainbiodiverziteta.holstein.si\/index.php\/wp-json\/wp\/v2\/pages\/23","targetHints":{"allow":["GET"]}}],"collection":[{"href":"https:\/\/krmainbiodiverziteta.holstein.si\/index.php\/wp-json\/wp\/v2\/pages"}],"about":[{"href":"https:\/\/krmainbiodiverziteta.holstein.si\/index.php\/wp-json\/wp\/v2\/types\/page"}],"author":[{"embeddable":true,"href":"https:\/\/krmainbiodiverziteta.holstein.si\/index.php\/wp-json\/wp\/v2\/users\/1"}],"replies":[{"embeddable":true,"href":"https:\/\/krmainbiodiverziteta.holstein.si\/index.php\/wp-json\/wp\/v2\/comments?post=23"}],"version-history":[{"count":2,"href":"https:\/\/krmainbiodiverziteta.holstein.si\/index.php\/wp-json\/wp\/v2\/pages\/23\/revisions"}],"predecessor-version":[{"id":118,"href":"https:\/\/krmainbiodiverziteta.holstein.si\/index.php\/wp-json\/wp\/v2\/pages\/23\/revisions\/118"}],"wp:attachment":[{"href":"https:\/\/krmainbiodiverziteta.holstein.si\/index.php\/wp-json\/wp\/v2\/media?parent=23"}],"curies":[{"name":"wp","href":"https:\/\/api.w.org\/{rel}","templated":true}]}}